-3)?
-12
Let m(l) = -8*l - 10. Let b be m(-3). Let y = b - 10. Suppose -2*j + 0 = y. Let v(k) = k**2 + 2*k - 1. Calculate v(j).
-1
Suppose 2*g + 3*b - 13 = -3, 2*g - 5*b + 22 = 0. Let f = -2 + g. Let u(n) = 6 - 7 + 0 + n**2. Determine u(f).
8
Let o be (-84)/112*8/(-2). Let j(t) be the second derivative of 1/6*t**o + 0 - 1/2*t**4 - 6*t - 3*t**2 - 1/20*t**5. Determine j(-6).
-12
Suppose 0 = k + 4*p + 5, -6 = 3*p - 0*p. Suppose i + 2*g - g = k, -3*i - 2*g = -8. Suppose -8*t - i = -7*t. Let n(c) = 3*c**2 + 2*c. Calculate n(t).
8
Let h be -2 - (-12)/(-9)*3. Let g(j) = -3*j - 7. What is g(h)?
11
Let f(x) = x - 3. Let z be 1 + 18/(-12)*-2. Determine f(z).
1
Let m(b) = -b**2 + 8. Let j(c) = -10*c - 167. Let l be j(-16). Calculate m(l).
-41
Let d = -1 + 7. Let w(g) be the third derivative of -g**5/60 + g**4/3 - 4*g**3/3 - 786*g**2 - 3*g. What is w(d)?
4
Let x be -1 - (-4)/((-12)/21). Let v be (6/x)/((-4)/16). Let k(y) = 0*y - 2 + 2*y**2 - 2*y - y**2. Determine k(v).
1
Let n(u) be the first derivative of u**5/60 + u**4/6 + u**2 - 14. Let a(q) be the second derivative of n(q). Determine a(-2).
-4
Let p(i) = 3*i + 21. Let h be 6 + (-1500)/135 + 1/9. Determine p(h).
6
Let x(c) be the third derivative of c**4/8 - 3*c**2 + 11. What is x(-2)?
-6
Let y(z) = -5*z**3 - 13*z**2 + 12*z - 6. Let q(f) = 11*f**3 + 28*f**2 - 26*f + 13. Let u(h) = -6*q(h) - 13*y(h). Give u(1).
0
Let u(n) be the first derivative of -n**4 - 2*n**3/3 - n**2/2 - 124. Give u(-1).
3
Suppose 2*q + 3*t = -16, 5*q = 48*t - 44*t - 40. Let x(u) = 6*u + 25. Determine x(q).
-23
Let i = -8 + 7. Let l(w) = 3*w**2 - 2*w + 1. Let b be l(1). Let z(o) = 6*o**b + 2*o - 1 - 2*o**2 + 3*o - 6*o. Calculate z(i).
4
Let i(b) = -5*b - 1. Let m(j) = j**3 - 34*j**2 + 63*j + 34. Let t be m(32). What is i(t)?
-11
Suppose 4*f + 10 = 3*q, 3*q + 0 = f + 7. Let m(u) = -5 + q + u + 1 + 3. Let i = -4 + -1. Determine m(i).
-4
Let c(q) = q**3 - 14*q**2 - 17*q + 16. Let i be -5*(12/(-66) - 93/33). Determine c(i).
-14
Let u(m) = -7*m - 1. Let p(c) = 2*c. Let l(s) = -6*p(s) - 2*u(s). Calculate l(-2).
-2
Let i be 4/(-6) + (-33)/(-9) + 2. Let v(r) = -r**3 + 6*r**2 - 6*r. Determine v(i).
-5
Let k(b) = -b + 1. Let n(h) = -6. Let m(s) = 3*k(s) + n(s). Let v be 7/3 - 1/3. Let g = 0 - v. Calculate m(g).
3
Let r(g) = 4*g - 2. Let k = 209 + -212. Give r(k).
-14
Let h(a) be the first derivative of -a**4/4 + a**3 - a**2/2 + 4*a - 21. Suppose -2*t - 3 = s, 3*s = s + 5*t + 21. Give h(s).
1
Suppose -4*o + 12 = -3*a - 9, -2*o = 2*a - 28. Let z(q) = -q**3 + 8*q**2 + 8*q + 1. Calculate z(o).
-8
Let q(j) be the first derivative of -j**5/120 - j**4/4 + j**3/3 + 18. Let u(a) be the third derivative of q(a). What is u(-8)?
2
Suppose -3*j + 4*j = 3*c - 1, 0 = -c + 2*j - 8. Let y(n) = 3*n**2 - 5*n**2 + 0*n**c + n**2 + 1. What is y(-4)?
-15
Let s(z) be the second derivative of -z**4/4 - z**3/2 - z**2/2 + z. Let h be (5 - 4)*-3 + 1. Calculate s(h).
-7
Let n(q) = -q. Let z be 0 + 2 - 2 - 2. Let t(k) = -3*k - 8. Let a(s) = z*n(s) + t(s). Calculate a(-8).
0
Let d(w) = 21*w**2 - 29*w + 7. Let g(k) = 19*k**2 - 26*k + 6. Let h(m) = -9*d(m) + 10*g(m). Determine h(-2).
-1
Let t(f) = 2*f - 11. Let h = 116 + -171. Let n = -46 - h. Calculate t(n).
7
Let k(p) = -7*p**2 - 15*p + 4. Let l(r) = -8*r**2 - 17*r + 5. Let i(x) = 6*k(x) - 5*l(x). Give i(-4).
-13
Let c(b) = -b**2 + b - 2. Let a = -13 - -11. Suppose 4*g + 39 = 11. Let t be (-30)/g + a/7. Give c(t).
-14
Let q = 6 + -12. Let i(m) = -9*m - 4*m - 16*m**2 + 6*m - 9 + 15*m**2. Determine i(q).
-3
Let b(p) = p**3 - 8*p**2 + 10*p - 6. Let k(w) = -2*w**2 - 38*w - 42. Let a be k(-17). Suppose 0 = h - 3*s + 2*s - 4, 5*h = 2*s + a. Determine b(h).
-18
Suppose 4*x - 8 = 5*r, r = -5*x + 4*r - 3. Let d(q) = -3*q**3 - 4*q**2 - 2*q + 5. What is d(x)?
56
Let d(n) be the first derivative of -8*n**3/3 - n**2/2 + 154. Give d(1).
-9
Let c = -247 - -241. Let p(f) = 3*f + 8. Determine p(c).
-10
Let x(z) = -4*z**3 + 12*z**2 + 6. Let u(l) = 3*l**3 - 11*l**2 + 2*l - 2. Let v(k) = k + 1. Let p(a) = u(a) - 3*v(a). Let d(n) = 5*p(n) + 4*x(n). Give d(-6).
-7
Let p = -79 + 82. Let a(s) = 65*s - 31*s - s**p - 6*s**2 - 10 - 28*s. Give a(-7).
-3
Let k(b) = -2*b**3 + 2*b**2 + 6*b - 1. Let h(x) = -3*x**3 + 3*x**2 + 10*x - 1. Let m(p) = -4*h(p) + 7*k(p). What is m(2)?
-7
Suppose -4*s - 3 = -3*h, 7*s - 25 = 2*s - 2*h. Let x(b) = 2*b - 4 + 3*b + 5*b - 8*b. Give x(s).
2
Suppose 8115*m = 8128*m - 52. Let h(l) = -3*l**3 - 13*l**2 - 11*l + 4. Let i(p) = 5*p**3 + 20*p**2 + 17*p - 6. Let x(n) = -8*h(n) - 5*i(n). Calculate x(m).
10
Let r(z) = -5*z**3 - 3*z**2 + 25*z - 6. Let v(s) = -14*s**3 - 9*s**2 + 70*s - 19. Let i(w) = -17*r(w) + 6*v(w). What is i(5)?
13
Let m be 63/(-35)*10/(-3). Suppose -f - 27 + 52 = 0. Let x(h) = 0 + 16*h**3 + 10*h**3 - f*h**3 + 8*h - 9 - 7*h**2. Give x(m).
3
Let l(r) = 0 - 3 - r**2 + 6*r + 7 + 9 + 0*r**2. What is l(9)?
-14
Let i(j) = j**2 - 43. Let v = -65 + 59. Calculate i(v).
-7
Let a(n) = -n**2 + 4*n + 3. Let i be -3 + 1 + 0 + 0/(-2). What is a(i)?
-9
Suppose c = -2*c + 3*g, -3*c = g - 16. Let w(s) = -6*s. Calculate w(c).
-24
Let o be (3 - 0)/(-21) + 1485/105. Let x(a) = -a**3 + 15*a**2 - 15*a + 16. Calculate x(o).
2
Let t(h) = -14*h + 3 + 37*h - 2*h**2 + h**2 - 19*h. Determine t(-2).
-9
Let m(f) = f + 13. Let o(b) = -b**3 + 11*b**2 - 24*b - 17. Let n be o(8). What is m(n)?
-4
Let d(u) be the second derivative of -u**3/6 - 12*u. Let j be 5/(-5 + (-4 - -10 - 0)). Calculate d(j).
-5
Let g(y) be the second derivative of -y**4/4 - y**3/2 + y**2 + 8*y. Let v be g(-2). Let a be 0/(v/4) - 1. Let r(h) = -7*h. Give r(a).
7
Let s(u) = -u**3 - 4*u**2 + 2*u + 6. Let l = -968 + 964. What is s(l)?
-2
Let f(a) be the third derivative of -a**4/12 + 11*a**3/3 + 3*a**2 + 12. Determine f(14).
-6
Let r(l) = -l**3 - 11*l**2 + 12*l - 3. Let y be r(-12). Let k(w) = -w**3 - 4*w**2 - 5*w - 4. Let s be k(-3). Let t(v) = -s*v - v + 6*v. Calculate t(y).
-9
Let s(m) = m**3 + 4*m**2 + m + 5. Suppose -5*f - 2 = -u, u + 2 = -2*f + 11. Let n(x) = -x**3 + 8*x**2 - 9*x + 10. Let z be n(u). Calculate s(z).
1
Let v = 20 + -21. Let z be v - (-5 - (-1 - -2)). Let n(g) = -3*g**3 + 7*g**2 + 2*g - 3. Let j(m) = -m**3 + m**2. Let x(h) = -2*j(h) + n(h). Determine x(z).
7
Let h(c) = -6*c - 13. Let f be h(-4). Let d be f/7 - 4/7. Let w(l) = -14*l**2. Calculate w(d).
-14
Let r(n) be the second derivative of -n**5/20 + n**4/6 - n**3/3 - n**2 - 3*n - 14. Determine r(2).
-6
Suppose 2*n - 84 = 10. Let k(b) = -b - 50*b**2 + 6*b**3 - 5*b**3 - 3 + n*b**2 - 4*b. Calculate k(4).
-7
Let m(b) = 2*b**2. Let l(u) = -u**3 + 4*u**2 + 12*u + 2. Let v be l(6). Calculate m(v).
8
Suppose -4 = -2*g + 3*b - 37, 0 = 4*b + 20. Let n be (-4)/(g/15) + 10/(-20). Let q(a) = 5*a - 1. What is q(n)?
9
Let w(i) = 2*i + 4. Let l(a) = -a - 3. Let j(m) = -3*l(m) - 2*w(m). Give j(-8).
9
Let f(o) be the third derivative of -o**6/120 - o**5/60 + o**4/8 + o**3/3 + 115*o**2. What is f(2)?
-4
Let l be -21*(6/(-15))/((-30)/25). Let k(g) be the first derivative of -1/3*g**3 + 2*g - 3*g**2 - 1. Give k(l).
-5
Let b(t) = -13*t**2 - 8*t - 17. Suppose -9*y - 6 = -8*y. Let p(l) = -7*l**2 - 4*l - 9. Let x(m) = y*b(m) + 11*p(m). Give x(-2).
-1
Let t(n) = n**3 - 8*n**2 + 7*n + 8. Let q(a) = -3*a**2 + 2*a - 1. Let y be q(1). Let v = y + -10. Let b(h) = -h**2 - 12*h + 7. Let z be b(v). Give t(z).
8
Let z(y) = -4 - 130*y - 136*y + 259*y. Calculate z(-5).
31
Let x be (-3 + (1 - 1))*60/45. Let s(i) = 4*i**2 + 0 - 8*i**3 - 4 - 2*i + 20*i**3 - 11*i**3. Give s(x).
4
Let j(t) = 40*t + 37. Let s(u) = 34*u + 36. Let f(x) = -6*j(x) + 7*s(x). What is f(18)?
-6
Suppose 0 = 3*x - 5*u - 17, -4 - 3 = -2*x - u. Let g(y) = 3*y**2 - 6*y + 3. Calculate g(x).
27
Let x = 42 + -18. Let r be -2 + 3*4/x*-4. Let i(f) = -f - 2. Determine i(r).
2
Let x(j) be the third derivative of j**8/20160 - j**7/2520 - j**6/360 + 2*j**5/15 + 6*j**2. Let w(i) be the third derivative of x(i). Calculate w(-2).
6
Let o(g) = 2*g**3 + g**2 + g + 1. Let d(n) = -3*n**3 - 2*n**2 - 5. Let q(b) = -d(b) - 3*o(b). Calculate q(-2).
28
Suppose -3*b - 4 = -2*c, 0 = -4*b + 5*c - 2 - 8. Let w(f) = f**3 - f**2 - 5*f + 19. Let x be w(0). Let g(d) = 3 + x*d - 5*d - 6*d - 9*d. What is g(b)?
3
Suppose -18*z + 106 = 35*z. Let n(x) be the first derivative of 1/3*x**3 + 0*x**2 - z*x